sor of 4828248 and 1080?
216
Calculate the greatest common divisor of 31343 and 19357.
13
What is the highest common factor of 167 and 52839301?
167
What is the highest common factor of 259 and 9534973?
7
What is the highest common divisor of 21054405 and 15?
15
Calculate the highest common divisor of 2119465 and 58280.
235
What is the highest common factor of 1654212 and 135?
3
What is the greatest common divisor of 4075 and 57175?
25
What is the highest common divisor of 193845300 and 240?
60
Calculate the highest common factor of 3093696 and 29475.
1179
Calculate the highest common divisor of 132 and 597095532.
132
Calculate the greatest common factor of 1284868 and 21424.
52
Calculate the greatest common divisor of 3382 and 3160574.
38
Calculate the greatest common factor of 41874 and 30198.
42
What is the greatest common factor of 23328 and 1585314?
18
Calculate the highest common divisor of 4136128 and 128.
64
What is the highest common divisor of 55271899 and 172?
43
Calculate the greatest common factor of 18447504 and 17040.
3408
Calculate the highest common factor of 304808 and 6832.
56
Calculate the greatest common divisor of 9974829 and 8495.
1699
Calculate the highest common factor of 279228879 and 411.
411
Calculate the highest common divisor of 212 and 3250543.
53
What is the highest common divisor of 197443480 and 70?
10
What is the greatest common factor of 885523342 and 206?
206
Calculate the highest common factor of 576352 and 767584.
2656
What is the highest common factor of 505 and 45417478?
101
What is the greatest common divisor of 39933648 and 162?
162
Calculate the greatest common divisor of 6909 and 3111024.
987
What is the highest common factor of 275994540 and 81?
81
Calculate the highest common factor of 16650 and 124938270.
3330
What is the greatest common divisor of 169 and 2931617?
13
Calculate the greatest common divisor of 42133299 and 390.
39
What is the greatest common divisor of 138 and 2736471?
69
Calculate the greatest common divisor of 15194762 and 77.
11
What is the greatest common divisor of 136274205 and 710?
355
What is the highest common divisor of 3248953917 and 8327?
8327
Calculate the highest common divisor of 243236315 and 70.
35
Calculate the highest common factor of 1419 and 126885561.
1419
What is the greatest common divisor of 409457 and 761333?
71
Calculate the highest common factor of 8827308 and 37674.
2898
Calculate the highest common divisor of 608 and 55552.
32
What is the highest common factor of 92 and 50882716?
92
What is the greatest common factor of 86084128 and 416?
416
Calculate the highest common divisor of 21 and 210997953.
3
Calculate the highest common divisor of 20 and 45468860.
20
What is the greatest common factor of 1702676 and 50434?
302
What is the greatest common divisor of 1896943 and 5736?
239
What is the highest common factor of 221306 and 272?
34
What is the greatest common factor of 12906 and 13832370?
54
What is the highest common divisor of 153350255 and 8815?
215
Calculate the greatest common divisor of 350 and 134012450.
50
Calculate the highest common divisor of 3979 and 660468.
23
What is the greatest common factor of 15 and 12631375?
5
Calculate the greatest common divisor of 6076 and 71932.
196
What is the greatest common divisor of 693133 and 140187?
83
What is the greatest common factor of 38820 and 732?
12
What is the greatest common divisor of 451 and 1294469?
11
What is the highest common divisor of 216 and 37580706?
54
Calculate the greatest common divisor of 147 and 16598211.
147
Calculate the greatest common divisor of 1493 and 473830424.
1493
What is the highest common divisor of 168 and 4719288?
168
Calculate the highest common divisor of 74 and 2778663.
37
Calculate the greatest common divisor of 84 and 2236024.
28
What is the highest common divisor of 15936 and 26122092?
996
What is the highest common divisor of 8919785 and 37975?
1085
Calculate the greatest common divisor of 13316714 and 267.
89
Calculate the highest common factor of 2388 and 555050004.
2388
Calculate the highest common factor of 36068055 and 251574.
5469
Calculate the highest common divisor of 6832 and 2628928.
16
What is the highest common factor of 38615820 and 2784?
348
Calculate the highest common factor of 8 and 622127048.
8
Calculate the highest common factor of 12466 and 5496422.
542
Calculate the greatest common factor of 486324 and 14499.
81
What is the greatest common factor of 223573977 and 36?
9
What is the greatest common factor of 156 and 4371198?
78
What is the greatest common divisor of 487 and 629369093?
487
What is the greatest common divisor of 12276522 and 30?
6
Calculate the greatest common factor of 348650433 and 51.
51
Calculate the greatest common divisor of 4312 and 10268489.
539
What is the highest common factor of 10486586 and 2992?
374
What is the highest common divisor of 30927690 and 1080?
270
What is the highest common divisor of 140448 and 50442777?
4389
Calculate the greatest common divisor of 1550274 and 22804914.
5478
What is the greatest common divisor of 28394616 and 72?
24
Calculate the greatest common divisor of 17364671 and 314.
157
Calculate the greatest common factor of 1129230 and 864.
18
What is the highest common divisor of 55416 and 12313897?
2309
Calculate the highest common divisor of 21750 and 10568325.
2175
Calculate the highest common divisor of 12472 and 8597885.
1559
What is the highest common factor of 9633 and 114361?
247
Calculate the greatest common factor of 2070233 and 201.
67
What is the greatest common divisor of 621236 and 4312?
308
What is the greatest common divisor of 20786 and 5070690?
1094
Calculate the highest common divisor of 514057387 and 1487.
1487
What is the greatest common factor of 9 and 480513069?
9
What is the highest common divisor of 2248 and 502709?
281
What is the greatest common divisor of 180306 and 906633?
1701
What is the greatest common factor of 13510531 and 30209?
1777
What is the greatest common divisor of 344 and 55864?
8
Calculate the highest common divisor of 20884 and 1368583.
227
Calculate the highest common factor of 8883170 and 125790.
5990
What is the greatest common factor of 72 and 5513688?
72
What is the highest common factor of 1821488 and 40?
8
Calculate the highest common factor of 65456479 and 33.
11
What is the highest common factor of 5844 and 24099195?
1461
Calculate the greatest common divisor of 588098 and 9114.
98
What is the highest common factor of 36261 and 1543818?
237
What is the greatest common factor of 1089567037 and 26?
13
What is the highest common factor of 112 and 14848484?
28
Calculate the greatest common factor of 4816 and 2694944.
112
Calculate the highest common factor of 287 and 103264363.
41
Calculate the highest common divisor of 235131372 and 1575.
63
What is the highest common factor of 3433548 and 1704?
12
What is the greatest common divisor of 38052 and 465444?
252
Calculate the greatest common divisor of 3255275 and 22975.
25
What is the greatest common factor of 284676 and 92484?
84
What is the highest common divisor of 318579 and 69525?
309
What is the highest common factor of 12 and 2809398?
6
What is the greatest common divisor of 1182 and 1355345619?
591
Calculate the greatest common factor of 21824448 and 12.
12
What is the highest common divisor of 19040 and 485010?
170
Calculate the greatest common divisor of 79764994 and 22210.
4442
Calculate the greatest common divisor of 9601618 and 156.
26
Calculate the greatest common divisor of 329434 and 2086.
14
What is the greatest common divisor of 155 and 6426362?
31
What is the highest common factor of 9461144 and 2618?
154
Calculate the greatest common divisor of 281 and 28992737.
281
Calculate the highest common divisor of 3647 and 427989517.
521
What is the greatest common divisor of 59004 and 75273?
33
What is the highest common divisor of 95 and 4872892?
19
What is the highest common divisor of 237887407 and 316?
79
Calculate the greatest common factor of 35589841 and 7.
7
What is the greatest common factor of 147033453 and 84?
21
What is the greatest common factor of 455122 and 28?
2
What is the highest common divisor of 314979 and 2226?
1113
What is the highest common divisor of